{"id":64,"date":"2019-05-20T20:16:58","date_gmt":"2019-05-20T18:16:58","guid":{"rendered":"http:\/\/vymetanistodol.cz\/?page_id=64"},"modified":"2024-04-19T20:55:35","modified_gmt":"2024-04-19T18:55:35","slug":"aktuality","status":"publish","type":"page","link":"https:\/\/vymetanistodol.cz\/?page_id=64","title":{"rendered":"Aktuality"},"content":{"rendered":"\n<p class=\"has-luminous-vivid-orange-color has-text-color\" style=\"font-size:26px\">Dva roky utekly a chyst\u00e1 se dal\u0161\u00ed ro\u010dn\u00edk Vymet\u00e1n\u00ed stodol. Letos to bude sedm\u00fd.<\/p>\n\n\n\n<p class=\"has-luminous-vivid-orange-color has-text-color\" style=\"font-size:26px\">Prolezte gar\u00e1\u017ee, k\u016flny, stodoly nebo \u00fakryty a s t\u00edm, co objev\u00edte, dora\u017ete posledn\u00ed \u010dervencovou sobotu, t\u011b\u0161\u00edme se na V\u00e1s.<\/p>\n\n\n\n<p><br><\/p>\n","protected":false},"excerpt":{"rendered":"<p>Dva roky utekly a chyst\u00e1 se dal\u0161\u00ed ro\u010dn\u00edk Vymet\u00e1n\u00ed stodol. Letos to bude sedm\u00fd. Prolezte gar\u00e1\u017ee, k\u016flny, stodoly nebo \u00fakryty<\/p>\n","protected":false},"author":2,"featured_media":0,"parent":0,"menu_order":0,"comment_status":"closed","ping_status":"closed","template":"","meta":[],"_links":{"self":[{"href":"https:\/\/vymetanistodol.cz\/index.php?rest_route=\/wp\/v2\/pages\/64"}],"collection":[{"href":"https:\/\/vymetanistodol.cz\/index.php?rest_route=\/wp\/v2\/pages"}],"about":[{"href":"https:\/\/vymetanistodol.cz\/index.php?rest_route=\/wp\/v2\/types\/page"}],"author":[{"embeddable":true,"href":"https:\/\/vymetanistodol.cz\/index.php?rest_route=\/wp\/v2\/users\/2"}],"replies":[{"embeddable":true,"href":"https:\/\/vymetanistodol.cz\/index.php?rest_route=%2Fwp%2Fv2%2Fcomments&post=64"}],"version-history":[{"count":9,"href":"https:\/\/vymetanistodol.cz\/index.php?rest_route=\/wp\/v2\/pages\/64\/revisions"}],"predecessor-version":[{"id":106,"href":"https:\/\/vymetanistodol.cz\/index.php?rest_route=\/wp\/v2\/pages\/64\/revisions\/106"}],"wp:attachment":[{"href":"https:\/\/vymetanistodol.cz\/index.php?rest_route=%2Fwp%2Fv2%2Fmedia&parent=64"}],"curies":[{"name":"wp","href":"https:\/\/api.w.org\/{rel}","templated":true}]}}