{"id":17,"date":"2019-02-25T14:48:54","date_gmt":"2019-02-25T13:48:54","guid":{"rendered":"http:\/\/vymetanistodol.cz\/?page_id=17"},"modified":"2024-04-19T20:57:02","modified_gmt":"2024-04-19T18:57:02","slug":"kdo-muze-vystavovat-prijet","status":"publish","type":"page","link":"http:\/\/vymetanistodol.cz\/?page_id=17","title":{"rendered":"Kdo m\u016f\u017ee vystavovat, p\u0159ijet?"},"content":{"rendered":"\n<p class=\"has-vivid-green-cyan-color has-text-color\" style=\"font-size:22px\"><em>\u00dapln\u011b kazd\u00fd, kdo m\u00e1 doma n\u011bco zaj\u00edmav\u00e9ho<\/em><\/p>\n\n\n\n<p class=\"has-vivid-green-cyan-color has-text-color\" style=\"font-size:22px\"><em>a nebo se o toto zaj\u00edm\u00e1<\/em><\/p>\n","protected":false},"excerpt":{"rendered":"<p>\u00dapln\u011b kazd\u00fd, kdo m\u00e1 doma n\u011bco zaj\u00edmav\u00e9ho a nebo se o toto zaj\u00edm\u00e1<\/p>\n","protected":false},"author":1,"featured_media":0,"parent":0,"menu_order":0,"comment_status":"closed","ping_status":"closed","template":"","meta":[],"_links":{"self":[{"href":"http:\/\/vymetanistodol.cz\/index.php?rest_route=\/wp\/v2\/pages\/17"}],"collection":[{"href":"http:\/\/vymetanistodol.cz\/index.php?rest_route=\/wp\/v2\/pages"}],"about":[{"href":"http:\/\/vymetanistodol.cz\/index.php?rest_route=\/wp\/v2\/types\/page"}],"author":[{"embeddable":true,"href":"http:\/\/vymetanistodol.cz\/index.php?rest_route=\/wp\/v2\/users\/1"}],"replies":[{"embeddable":true,"href":"http:\/\/vymetanistodol.cz\/index.php?rest_route=%2Fwp%2Fv2%2Fcomments&post=17"}],"version-history":[{"count":3,"href":"http:\/\/vymetanistodol.cz\/index.php?rest_route=\/wp\/v2\/pages\/17\/revisions"}],"predecessor-version":[{"id":108,"href":"http:\/\/vymetanistodol.cz\/index.php?rest_route=\/wp\/v2\/pages\/17\/revisions\/108"}],"wp:attachment":[{"href":"http:\/\/vymetanistodol.cz\/index.php?rest_route=%2Fwp%2Fv2%2Fmedia&parent=17"}],"curies":[{"name":"wp","href":"https:\/\/api.w.org\/{rel}","templated":true}]}}